{"id":2,"date":"2016-10-02T17:31:29","date_gmt":"2016-10-02T15:31:29","guid":{"rendered":"http:\/\/unique-toen.nl\/?page_id=2"},"modified":"2021-09-27T17:10:17","modified_gmt":"2021-09-27T15:10:17","slug":"start","status":"publish","type":"page","link":"https:\/\/unique-toen.nl\/","title":{"rendered":"Welkom"},"content":{"rendered":"<div id=\"pl-2\"  class=\"panel-layout\" >\n<div id=\"pg-2-0\"  class=\"panel-grid panel-has-style\"  data-style=\"{&quot;align&quot;:&quot;&quot;}\" >\n<div style=\"padding: 40px 0; \" class=\"panel-row-style panel-row-style-for-2-0\" >\n<div id=\"pgc-2-0-0\"  class=\"panel-grid-cell\"  data-weight=\"0.19190623671586\" >\n<div id=\"panel-2-0-0-0\" class=\"so-panel widget widget_sow-editor panel-first-child panel-last-child\" data-index=\"0\" data-style=\"{&quot;padding&quot;:&quot;10px 10px 10px 10px&quot;,&quot;background&quot;:&quot;#ededa6&quot;,&quot;background_display&quot;:&quot;tile&quot;,&quot;border_color&quot;:&quot;#c4c4c4&quot;,&quot;link_color&quot;:&quot;#8224e3&quot;}\" >\n<div class=\"panel-widget-style panel-widget-style-for-2-0-0-0\" >\n<div class=\"so-widget-sow-editor so-widget-sow-editor-base\">\n<div class=\"siteorigin-widget-tinymce textwidget\">\n<h4>INDEX<\/h4>\n<p><a href=\"http:\/\/unique-toen.nl\/\">Welkom<\/a><\/p>\n<p><a href=\"http:\/\/unique-toen.nl\/?page_id=278\">1978-1981<\/a><\/p>\n<p><a href=\"http:\/\/unique-toen.nl\/?page_id=281\">1982-1983<\/a><\/p>\n<p><a href=\"http:\/\/unique-toen.nl\/?page_id=283\">1983-einde<\/a><\/p>\n<p><a href=\"http:\/\/unique-toen.nl\/?page_id=100\">Jingles<\/a><\/p>\n<p><a href=\"http:\/\/unique-toen.nl\/?page_id=263\">Programmering<\/a><\/p>\n<p><a href=\"http:\/\/unique-toen.nl\/?page_id=271\">In de pers<\/a><\/p>\n<p><a href=\"http:\/\/unique-toen.nl\/?page_id=273\">Foto supplement<\/a><\/p>\n<p><a href=\"http:\/\/unique-toen.nl\/?page_id=310\">Unique muziek<\/a><\/p>\n<p><a href=\"http:\/\/unique-toen.nl\/?page_id=294\">Radio Decibel<\/a><\/p>\n<p><a href=\"http:\/\/unique-toen.nl\/?page_id=83\">Colofon<\/a><\/p>\n<\/div>\n<\/div>\n<\/div>\n<\/div>\n<\/div>\n<div id=\"pgc-2-0-1\"  class=\"panel-grid-cell\"  data-weight=\"0.68802453391632\" >\n<div id=\"panel-2-0-1-0\" class=\"so-panel widget widget_sow-editor panel-first-child panel-last-child\" data-index=\"1\" data-style=\"{&quot;padding&quot;:&quot;0px 0px 0px 10px&quot;,&quot;background_display&quot;:&quot;tile&quot;}\" >\n<div class=\"panel-widget-style panel-widget-style-for-2-0-1-0\" >\n<div class=\"so-widget-sow-editor so-widget-sow-editor-base\">\n<div class=\"siteorigin-widget-tinymce textwidget\">\n<h4>&nbsp;<\/h4>\n<h4><span style=\"color: #6b6b01;\">De geschiedenis van &#8217;the original&#8217; Radio Unique \/ Unique FM<\/span><\/h4>\n<p>Welkom bij wat tussen 1978 en 1984 &#8220;Amsterdam&#8217;s meest professionele radiostation&#8221; was. Radio Unique&nbsp;&#8211; later Unique FM 98.1&nbsp;&#8211; presenteert hier haar verleden met veel te lezen, te zien en te luisteren.&nbsp;Een tamelijk volledige kijk achter de schermen met informatie uit de \u00e9\u00e9rste&nbsp;hand.<\/p>\n<blockquote style=\"font-size: 98%;\">\n<p>Radio Unique was in de jaren 80 van de vorige eeuw een toonaangevend radiostation in Amsterdam. Omdat in die periode commerci\u00eble radio bij wet was verboden werden stations als Unique ook wel &#8220;piratenzenders&#8221; genoemd.<\/p>\n<\/blockquote>\n<p style=\"text-align: center; font-size: 70%;\"><img loading=\"lazy\" decoding=\"async\" class=\"aligncenter\" src=\"plaatjes\/unique4.jpg\" alt=\"Peter Vos in de eerste Radio Unique live studio\" width=\"406\" height=\"296\"\/>&#8212; Peter Vos in de eerste live studio (1980) &#8212;<\/p>\n<p>Radio Unique geldt als \u00e9\u00e9n van de belangrijkste voorlopers van de huidige commerci\u00eble radiostations als Radio 538, Q Music, Sky Radio en Radio 10. Omdat het station, anders dan de voormalige zeezenders, werkte met een (voor die tijd) strak muziek- en presentatieformat. En een even strak&nbsp;jinglepakket en promobeleid. Unique klonk altijd ongeveer hetzelfde, uiteindelijk 24 uur per dag en zeven dagen per week.<\/p>\n<p>n.b.: toen ik jaren geleden oude jingles en fragmenten digitaliseerde leek &#8216;Real Audio&#8217; als formaat nog een goed idee. Als je alle fragmenten wilt kunnen beluisteren zul je <a href=\"http:\/\/www.real.com\/nl\/thankyou?rppr=home\">de <strong>&#8216;Real Media Player&#8217;<\/strong><\/a><strong>&nbsp;<\/strong>moeten downloaden. Uiteindelijk zal alles op deze site in MP3 te beluisteren zijn. Is de ambitie \ud83d\ude09&nbsp;<\/p>\n<p style=\"text-align: right;\"><strong>GELUID VAN TOEN:&nbsp;<a href=\"http:\/\/unique-toen.nl\/wp-content\/uploads\/2016\/10\/UNIQUE.wav\">de unique pips<\/a><\/strong><\/p>\n<\/div>\n<\/div>\n<\/div>\n<\/div>\n<\/div>\n<div id=\"pgc-2-0-2\"  class=\"panel-grid-cell\"  data-weight=\"0.12006922936782\" >\n<div id=\"panel-2-0-2-0\" class=\"so-panel widget widget_sow-image panel-first-child panel-last-child\" data-index=\"2\" data-style=\"{&quot;background_image_attachment&quot;:false,&quot;background_display&quot;:&quot;tile&quot;}\" ><div\n\t\t\t\n\t\t\tclass=\"so-widget-sow-image so-widget-sow-image-default-8b5b6f678277\"\n\t\t\t\n\t\t><\/div><\/div>\n<\/div>\n<\/div>\n<\/div>\n<div id=\"pg-2-1\"  class=\"panel-grid panel-has-style\"  data-style=\"{&quot;background_image_attachment&quot;:false,&quot;background_display&quot;:&quot;tile&quot;,&quot;cell_alignment&quot;:&quot;flex-start&quot;,&quot;align&quot;:&quot;&quot;,&quot;background_image&quot;:false}\" >\n<div style=\"padding: 40px 0; \" class=\"panel-row-style panel-row-style-for-2-1\" >\n<div id=\"pgc-2-1-0\"  class=\"panel-grid-cell\"  data-weight=\"0.41048123964403\" >\n<div id=\"panel-2-1-0-0\" class=\"so-panel widget widget_sow-image panel-first-child panel-last-child\" data-index=\"3\" data-style=\"{&quot;background_image_attachment&quot;:false,&quot;background_display&quot;:&quot;tile&quot;}\" ><div\n\t\t\t\n\t\t\tclass=\"so-widget-sow-image so-widget-sow-image-default-8b5b6f678277\"\n\t\t\t\n\t\t><\/div><\/div>\n<\/div>\n<div id=\"pgc-2-1-1\"  class=\"panel-grid-cell\"  data-style=\"{&quot;background_image_attachment&quot;:false,&quot;background_display&quot;:&quot;tile&quot;,&quot;vertical_alignment&quot;:&quot;auto&quot;}\"  data-weight=\"0.58951876035597\" >\n<div id=\"panel-2-1-1-0\" class=\"so-panel widget widget_sow-editor panel-first-child panel-last-child\" data-index=\"4\" data-style=\"{&quot;background_image_attachment&quot;:false,&quot;background_display&quot;:&quot;tile&quot;}\" >\n<div class=\"so-widget-sow-editor so-widget-sow-editor-base\">\n<h3 class=\"widget-title\">Nu ook in boekvorm!<\/h3>\n<div class=\"siteorigin-widget-tinymce textwidget\">\n\tHet gedrukte exemplaar van de geschiedenis van Radio Unique FM. Met nog meer achtergrondinfo en veel meer foto&#8217;s dan op deze site.<\/p>\n<p><strong><a href=\"mailto:mennodekker@casema.nl\">Bestel &#8216;m hier!<\/a><\/strong><\/div>\n<\/div>\n<\/div>\n<\/div>\n<\/div>\n<\/div>\n<div id=\"pg-2-2\"  class=\"panel-grid panel-has-style\"  data-style=\"{&quot;align&quot;:&quot;&quot;}\" >\n<div style=\"padding: 40px 0; \" class=\"panel-row-style panel-row-style-for-2-2\" >\n<div id=\"pgc-2-2-0\"  class=\"panel-grid-cell\"  data-weight=\"0.19060606060606\" >\n<div id=\"panel-2-2-0-0\" class=\"so-panel widget widget_sow-editor panel-first-child panel-last-child\" data-index=\"5\" data-style=\"{&quot;background_image_attachment&quot;:false,&quot;background_display&quot;:&quot;tile&quot;}\" >\n<div class=\"so-widget-sow-editor so-widget-sow-editor-base\">\n<div class=\"siteorigin-widget-tinymce textwidget\">\n\t<\/div>\n<\/div>\n<\/div>\n<\/div>\n<div id=\"pgc-2-2-1\"  class=\"panel-grid-cell\"  data-weight=\"0.30939393939394\" >\n<div id=\"panel-2-2-1-0\" class=\"so-panel widget widget_sow-editor panel-first-child panel-last-child\" data-index=\"6\" data-style=\"{&quot;background_image_attachment&quot;:false,&quot;background_display&quot;:&quot;tile&quot;}\" >\n<div class=\"so-widget-sow-editor so-widget-sow-editor-base\">\n<div class=\"siteorigin-widget-tinymce textwidget\">\n<p><a class=\"fasc-button fasc-size-medium fasc-type-glossy fasc-rounded-medium fasc-ico-before dashicons-arrow-right\" style=\"background-color: #595e04; color: #ffffff;\" href=\"http:\/\/unique-toen.nl\/?page_id=83\" data-fasc-style=\"background-color:#595e04;color:#ffffff;\">Contact&#8230;<\/a><\/p>\n<\/div>\n<\/div>\n<\/div>\n<\/div>\n<div id=\"pgc-2-2-2\"  class=\"panel-grid-cell panel-grid-cell-mobile-last\"  data-weight=\"0.38212121212121\" >\n<div id=\"panel-2-2-2-0\" class=\"so-panel widget widget_sow-editor panel-first-child panel-last-child\" data-index=\"7\" data-style=\"{&quot;background_image_attachment&quot;:false,&quot;background_display&quot;:&quot;tile&quot;}\" >\n<div class=\"so-widget-sow-editor so-widget-sow-editor-base\">\n<div class=\"siteorigin-widget-tinymce textwidget\">\n<p style=\"text-align: right;\"><a class=\"fasc-button fasc-size-medium fasc-type-glossy fasc-rounded-medium fasc-ico-before dashicons-arrow-right\" style=\"background-color: #595e04; color: #ffffff;\" href=\"http:\/\/unique-toen.nl\/?page_id=278\" data-fasc-style=\"background-color:#595e04;color:#ffffff;\">Lees verder&#8230;<\/a><\/p>\n<\/div>\n<\/div>\n<\/div>\n<\/div>\n<div id=\"pgc-2-2-3\"  class=\"panel-grid-cell panel-grid-cell-empty\"  data-weight=\"0.11787878787879\" ><\/div>\n<\/div>\n<\/div>\n<\/div>\n","protected":false},"excerpt":{"rendered":"<p>INDEX Welkom 1978-1981 1982-1983 1983-einde Jingles Programmering In de pers Foto supplement Unique muziek Radio Decibel Colofon &nbsp; De geschiedenis van &#8217;the original&#8217; Radio Unique \/ Unique FM Welkom bij wat tussen 1978 en 1984 &#8220;Amsterdam&#8217;s meest professionele radiostation&#8221; was. Radio Unique&nbsp;&#8211; later Unique FM 98.1&nbsp;&#8211; presenteert hier haar verleden met veel te lezen, te [&hellip;]<\/p>\n","protected":false},"author":1,"featured_media":89,"parent":0,"menu_order":1,"comment_status":"closed","ping_status":"closed","template":"template-business.php","meta":{"footnotes":""},"class_list":["post-2","page","type-page","status-publish","has-post-thumbnail","hentry"],"yoast_head":"<!-- This site is optimized with the Yoast SEO plugin v26.0 - https:\/\/yoast.com\/wordpress\/plugins\/seo\/ -->\n<title>Welkom - Radio Unique 1978-1984<\/title>\n<meta name=\"robots\" content=\"index, follow, max-snippet:-1, max-image-preview:large, max-video-preview:-1\" \/>\n<link rel=\"canonical\" href=\"https:\/\/unique-toen.nl\/\" \/>\n<meta property=\"og:locale\" content=\"nl_NL\" \/>\n<meta property=\"og:type\" content=\"article\" \/>\n<meta property=\"og:title\" content=\"Welkom - Radio Unique 1978-1984\" \/>\n<meta property=\"og:description\" content=\"INDEX Welkom 1978-1981 1982-1983 1983-einde Jingles Programmering In de pers Foto supplement Unique muziek Radio Decibel Colofon &nbsp; De geschiedenis van &#8217;the original&#8217; Radio Unique \/ Unique FM Welkom bij wat tussen 1978 en 1984 &#8220;Amsterdam&#8217;s meest professionele radiostation&#8221; was. Radio Unique&nbsp;&#8211; later Unique FM 98.1&nbsp;&#8211; presenteert hier haar verleden met veel te lezen, te [&hellip;]\" \/>\n<meta property=\"og:url\" content=\"https:\/\/unique-toen.nl\/\" \/>\n<meta property=\"og:site_name\" content=\"Radio Unique 1978-1984\" \/>\n<meta property=\"article:modified_time\" content=\"2021-09-27T15:10:17+00:00\" \/>\n<meta property=\"og:image\" content=\"https:\/\/unique-toen.nl\/wp-content\/uploads\/2016\/10\/uniquestory01.jpg\" \/>\n\t<meta property=\"og:image:width\" content=\"190\" \/>\n\t<meta property=\"og:image:height\" content=\"80\" \/>\n\t<meta property=\"og:image:type\" content=\"image\/jpeg\" \/>\n<meta name=\"twitter:card\" content=\"summary_large_image\" \/>\n<meta name=\"twitter:label1\" content=\"Geschatte leestijd\" \/>\n\t<meta name=\"twitter:data1\" content=\"1 minuut\" \/>\n<script type=\"application\/ld+json\" class=\"yoast-schema-graph\">{\"@context\":\"https:\/\/schema.org\",\"@graph\":[{\"@type\":\"WebPage\",\"@id\":\"https:\/\/unique-toen.nl\/\",\"url\":\"https:\/\/unique-toen.nl\/\",\"name\":\"Welkom - Radio Unique 1978-1984\",\"isPartOf\":{\"@id\":\"https:\/\/unique-toen.nl\/#website\"},\"primaryImageOfPage\":{\"@id\":\"https:\/\/unique-toen.nl\/#primaryimage\"},\"image\":{\"@id\":\"https:\/\/unique-toen.nl\/#primaryimage\"},\"thumbnailUrl\":\"https:\/\/unique-toen.nl\/wp-content\/uploads\/2016\/10\/uniquestory01.jpg\",\"datePublished\":\"2016-10-02T15:31:29+00:00\",\"dateModified\":\"2021-09-27T15:10:17+00:00\",\"breadcrumb\":{\"@id\":\"https:\/\/unique-toen.nl\/#breadcrumb\"},\"inLanguage\":\"nl-NL\",\"potentialAction\":[{\"@type\":\"ReadAction\",\"target\":[\"https:\/\/unique-toen.nl\/\"]}]},{\"@type\":\"ImageObject\",\"inLanguage\":\"nl-NL\",\"@id\":\"https:\/\/unique-toen.nl\/#primaryimage\",\"url\":\"https:\/\/unique-toen.nl\/wp-content\/uploads\/2016\/10\/uniquestory01.jpg\",\"contentUrl\":\"https:\/\/unique-toen.nl\/wp-content\/uploads\/2016\/10\/uniquestory01.jpg\",\"width\":190,\"height\":80,\"caption\":\"Radio Unique Amsterdam\"},{\"@type\":\"BreadcrumbList\",\"@id\":\"https:\/\/unique-toen.nl\/#breadcrumb\",\"itemListElement\":[{\"@type\":\"ListItem\",\"position\":1,\"name\":\"Home\",\"item\":\"https:\/\/unique-toen.nl\/\"},{\"@type\":\"ListItem\",\"position\":2,\"name\":\"Welkom\"}]},{\"@type\":\"WebSite\",\"@id\":\"https:\/\/unique-toen.nl\/#website\",\"url\":\"https:\/\/unique-toen.nl\/\",\"name\":\"Radio Unique 1978-1984\",\"description\":\"Radio voor Groot-Amsterdam!\",\"potentialAction\":[{\"@type\":\"SearchAction\",\"target\":{\"@type\":\"EntryPoint\",\"urlTemplate\":\"https:\/\/unique-toen.nl\/?s={search_term_string}\"},\"query-input\":{\"@type\":\"PropertyValueSpecification\",\"valueRequired\":true,\"valueName\":\"search_term_string\"}}],\"inLanguage\":\"nl-NL\"}]}<\/script>\n<!-- \/ Yoast SEO plugin. -->","yoast_head_json":{"title":"Welkom - Radio Unique 1978-1984","robots":{"index":"index","follow":"follow","max-snippet":"max-snippet:-1","max-image-preview":"max-image-preview:large","max-video-preview":"max-video-preview:-1"},"canonical":"https:\/\/unique-toen.nl\/","og_locale":"nl_NL","og_type":"article","og_title":"Welkom - Radio Unique 1978-1984","og_description":"INDEX Welkom 1978-1981 1982-1983 1983-einde Jingles Programmering In de pers Foto supplement Unique muziek Radio Decibel Colofon &nbsp; De geschiedenis van &#8217;the original&#8217; Radio Unique \/ Unique FM Welkom bij wat tussen 1978 en 1984 &#8220;Amsterdam&#8217;s meest professionele radiostation&#8221; was. Radio Unique&nbsp;&#8211; later Unique FM 98.1&nbsp;&#8211; presenteert hier haar verleden met veel te lezen, te [&hellip;]","og_url":"https:\/\/unique-toen.nl\/","og_site_name":"Radio Unique 1978-1984","article_modified_time":"2021-09-27T15:10:17+00:00","og_image":[{"width":190,"height":80,"url":"https:\/\/unique-toen.nl\/wp-content\/uploads\/2016\/10\/uniquestory01.jpg","type":"image\/jpeg"}],"twitter_card":"summary_large_image","twitter_misc":{"Geschatte leestijd":"1 minuut"},"schema":{"@context":"https:\/\/schema.org","@graph":[{"@type":"WebPage","@id":"https:\/\/unique-toen.nl\/","url":"https:\/\/unique-toen.nl\/","name":"Welkom - Radio Unique 1978-1984","isPartOf":{"@id":"https:\/\/unique-toen.nl\/#website"},"primaryImageOfPage":{"@id":"https:\/\/unique-toen.nl\/#primaryimage"},"image":{"@id":"https:\/\/unique-toen.nl\/#primaryimage"},"thumbnailUrl":"https:\/\/unique-toen.nl\/wp-content\/uploads\/2016\/10\/uniquestory01.jpg","datePublished":"2016-10-02T15:31:29+00:00","dateModified":"2021-09-27T15:10:17+00:00","breadcrumb":{"@id":"https:\/\/unique-toen.nl\/#breadcrumb"},"inLanguage":"nl-NL","potentialAction":[{"@type":"ReadAction","target":["https:\/\/unique-toen.nl\/"]}]},{"@type":"ImageObject","inLanguage":"nl-NL","@id":"https:\/\/unique-toen.nl\/#primaryimage","url":"https:\/\/unique-toen.nl\/wp-content\/uploads\/2016\/10\/uniquestory01.jpg","contentUrl":"https:\/\/unique-toen.nl\/wp-content\/uploads\/2016\/10\/uniquestory01.jpg","width":190,"height":80,"caption":"Radio Unique Amsterdam"},{"@type":"BreadcrumbList","@id":"https:\/\/unique-toen.nl\/#breadcrumb","itemListElement":[{"@type":"ListItem","position":1,"name":"Home","item":"https:\/\/unique-toen.nl\/"},{"@type":"ListItem","position":2,"name":"Welkom"}]},{"@type":"WebSite","@id":"https:\/\/unique-toen.nl\/#website","url":"https:\/\/unique-toen.nl\/","name":"Radio Unique 1978-1984","description":"Radio voor Groot-Amsterdam!","potentialAction":[{"@type":"SearchAction","target":{"@type":"EntryPoint","urlTemplate":"https:\/\/unique-toen.nl\/?s={search_term_string}"},"query-input":{"@type":"PropertyValueSpecification","valueRequired":true,"valueName":"search_term_string"}}],"inLanguage":"nl-NL"}]}},"_links":{"self":[{"href":"https:\/\/unique-toen.nl\/index.php?rest_route=\/wp\/v2\/pages\/2","targetHints":{"allow":["GET"]}}],"collection":[{"href":"https:\/\/unique-toen.nl\/index.php?rest_route=\/wp\/v2\/pages"}],"about":[{"href":"https:\/\/unique-toen.nl\/index.php?rest_route=\/wp\/v2\/types\/page"}],"author":[{"embeddable":true,"href":"https:\/\/unique-toen.nl\/index.php?rest_route=\/wp\/v2\/users\/1"}],"replies":[{"embeddable":true,"href":"https:\/\/unique-toen.nl\/index.php?rest_route=%2Fwp%2Fv2%2Fcomments&post=2"}],"version-history":[{"count":69,"href":"https:\/\/unique-toen.nl\/index.php?rest_route=\/wp\/v2\/pages\/2\/revisions"}],"predecessor-version":[{"id":747,"href":"https:\/\/unique-toen.nl\/index.php?rest_route=\/wp\/v2\/pages\/2\/revisions\/747"}],"wp:featuredmedia":[{"embeddable":true,"href":"https:\/\/unique-toen.nl\/index.php?rest_route=\/wp\/v2\/media\/89"}],"wp:attachment":[{"href":"https:\/\/unique-toen.nl\/index.php?rest_route=%2Fwp%2Fv2%2Fmedia&parent=2"}],"curies":[{"name":"wp","href":"https:\/\/api.w.org\/{rel}","templated":true}]}}